{"id":31,"date":"2023-09-20T17:01:25","date_gmt":"2023-09-20T15:01:25","guid":{"rendered":"http:\/\/omkoro.com\/?page_id=31"},"modified":"2024-04-04T12:19:13","modified_gmt":"2024-04-04T10:19:13","slug":"tarifs","status":"publish","type":"page","link":"https:\/\/omkoro.com\/index.php\/tarifs\/","title":{"rendered":"Tarifs"},"content":{"rendered":"\n<p>Sophrologie-relaxation&nbsp;: <\/p>\n\n\n\n<p> S\u00e9ance individuelle&nbsp;: 45 euros<\/p>\n\n\n\n<p>35 euros pour les enfants<\/p>\n\n\n\n<p><\/p>\n\n\n\n<p><\/p>\n\n\n\n<p>* S\u00e9ance collective&nbsp;: 15 euros<\/p>\n\n\n\n<p>Reiki&nbsp;: 45 euros la s\u00e9ance<\/p>\n\n\n\n<p>35 euros pour les enfants <\/p>\n\n\n\n<p><\/p>\n\n\n\n<p>Reiki \u00e0 distance&nbsp;: 30 euros<\/p>\n\n\n\n<p><strong>Initiation<\/strong> <strong>Reiki<\/strong> <strong>Usui <\/strong><\/p>\n\n\n\n<p>* 1<sup>er<\/sup> degr\u00e9&nbsp;: 200 euros<\/p>\n\n\n\n<p>* 2<sup>nd<\/sup> degr\u00e9&nbsp;: 220 euros<\/p>\n\n\n\n<p>* 3\u00e8me d\u00e9gr\u00e9e :400  Euros<\/p>\n\n\n\n<p>* 4eme degr\u00e9 500 euros <\/p>\n\n\n\n<p><strong>Initiation Reiki Karuna -Ki<\/strong><\/p>\n\n\n\n<p>1re degr\u00e9 :  150 euros <\/p>\n\n\n\n<p>2\u00e8me degr\u00e9 : 150 euros <\/p>\n\n\n\n<p>3\u00e9me degr\u00e9 : 200 euros <\/p>\n\n\n\n<p>4\u00e8me degr\u00e9 : 250 euros <\/p>\n\n\n\n<figure class=\"wp-block-gallery has-nested-images columns-default is-cropped wp-block-gallery-1 is-layout-flex wp-block-gallery-is-layout-flex\">\n<figure class=\"wp-block-image size-large\"><img loading=\"lazy\" decoding=\"async\" width=\"768\" height=\"1024\" data-id=\"83\" src=\"https:\/\/omkoro.com\/wp-content\/uploads\/2024\/04\/IMG_3582-768x1024.jpeg\" alt=\"\" class=\"wp-image-83\" srcset=\"https:\/\/omkoro.com\/wp-content\/uploads\/2024\/04\/IMG_3582-768x1024.jpeg 768w, https:\/\/omkoro.com\/wp-content\/uploads\/2024\/04\/IMG_3582-225x300.jpeg 225w, https:\/\/omkoro.com\/wp-content\/uploads\/2024\/04\/IMG_3582-1152x1536.jpeg 1152w, https:\/\/omkoro.com\/wp-content\/uploads\/2024\/04\/IMG_3582-1536x2048.jpeg 1536w, https:\/\/omkoro.com\/wp-content\/uploads\/2024\/04\/IMG_3582-scaled.jpeg 1920w\" sizes=\"auto, (max-width: 767px) 89vw, (max-width: 1000px) 54vw, (max-width: 1071px) 543px, 580px\" \/><\/figure>\n<\/figure>\n","protected":false},"excerpt":{"rendered":"<p>Sophrologie-relaxation&nbsp;: S\u00e9ance individuelle&nbsp;: 45 euros 35 euros pour les enfants * S\u00e9ance collective&nbsp;: 15 euros Reiki&nbsp;: 45 euros la s\u00e9ance 35 euros pour les enfants Reiki \u00e0 distance&nbsp;: 30 euros Initiation Reiki Usui * 1er degr\u00e9&nbsp;: 200 euros * 2nd degr\u00e9&nbsp;: 220 euros * 3\u00e8me d\u00e9gr\u00e9e :400 Euros * 4eme degr\u00e9 500 euros Initiation Reiki &hellip; <\/p>\n<p class=\"link-more\"><a href=\"https:\/\/omkoro.com\/index.php\/tarifs\/\" class=\"more-link\">Continue reading<span class=\"screen-reader-text\"> &#8220;Tarifs&#8221;<\/span><\/a><\/p>\n","protected":false},"author":1,"featured_media":0,"parent":0,"menu_order":0,"comment_status":"closed","ping_status":"closed","template":"","meta":{"footnotes":""},"class_list":["post-31","page","type-page","status-publish","hentry"],"_links":{"self":[{"href":"https:\/\/omkoro.com\/index.php\/wp-json\/wp\/v2\/pages\/31","targetHints":{"allow":["GET"]}}],"collection":[{"href":"https:\/\/omkoro.com\/index.php\/wp-json\/wp\/v2\/pages"}],"about":[{"href":"https:\/\/omkoro.com\/index.php\/wp-json\/wp\/v2\/types\/page"}],"author":[{"embeddable":true,"href":"https:\/\/omkoro.com\/index.php\/wp-json\/wp\/v2\/users\/1"}],"replies":[{"embeddable":true,"href":"https:\/\/omkoro.com\/index.php\/wp-json\/wp\/v2\/comments?post=31"}],"version-history":[{"count":10,"href":"https:\/\/omkoro.com\/index.php\/wp-json\/wp\/v2\/pages\/31\/revisions"}],"predecessor-version":[{"id":84,"href":"https:\/\/omkoro.com\/index.php\/wp-json\/wp\/v2\/pages\/31\/revisions\/84"}],"wp:attachment":[{"href":"https:\/\/omkoro.com\/index.php\/wp-json\/wp\/v2\/media?parent=31"}],"curies":[{"name":"wp","href":"https:\/\/api.w.org\/{rel}","templated":true}]}}