{"id":8,"date":"2023-09-20T16:51:31","date_gmt":"2023-09-20T14:51:31","guid":{"rendered":"http:\/\/omkoro.com\/?page_id=8"},"modified":"2023-10-16T13:57:06","modified_gmt":"2023-10-16T11:57:06","slug":"le-reiki","status":"publish","type":"page","link":"https:\/\/omkoro.com\/index.php\/le-reiki\/","title":{"rendered":"LE REIKI"},"content":{"rendered":"<div class=\"wp-block-image\">\n<figure class=\"alignleft size-full\"><img loading=\"lazy\" decoding=\"async\" width=\"165\" height=\"329\" src=\"http:\/\/omkoro.com\/wp-content\/uploads\/2023\/09\/reiki1.png\" alt=\"\" class=\"wp-image-9\" srcset=\"https:\/\/omkoro.com\/wp-content\/uploads\/2023\/09\/reiki1.png 165w, https:\/\/omkoro.com\/wp-content\/uploads\/2023\/09\/reiki1-150x300.png 150w\" sizes=\"auto, (max-width: 165px) 100vw, 165px\" \/><\/figure>\n<\/div>\n\n\n<p>Le mot <strong>REI-KI<\/strong> est un nom japonais qui signifie \u00ab \u00c9nergie Universelle de Vie \u00bb. Le<strong> Rei-Ki<\/strong> est donc le principe qui permet de relier notre propre \u00e9nergie \u00e0 l\u2019abondance de l\u2019\u00c9nergie Universelle.<\/p>\n\n\n\n<p><a><\/a> Le <strong>Reiki<\/strong>, d\u00e9couvert au d\u00e9but du 20e si\u00e8cle par Mikao Usui a \u00e9t\u00e9 largement influenc\u00e9 par la philosophie et les connaissances bouddhistes. Il ne pr\u00f4ne cependant aucun dogme, et n\u2019a aucune connotation religieuse particuli\u00e8re.<\/p>\n\n\n\n<p><strong>Le Reiki <\/strong>se rapproche dans sa conception du <strong>&#8221; Ka&#8221;<\/strong> des \u00c9gyptiens, du <strong>&#8220;Prana&#8221;<\/strong> des Indiens, du <strong>&#8220;Chi&#8221;<\/strong> des arts \u00e9nerg\u00e9tiques chinois ou encore des mantras sacr\u00e9s utilis\u00e9s par les tib\u00e9tains depuis plus de quatre mill\u00e9naires.<\/p>\n\n\n\n<p>C\u2019est une m\u00e9thode naturelle d\u2019aide permettant de canaliser l\u2019\u00e9nergie et de la transmettre gr\u00e2ce \u00e0 nos mains tout en respectant le rythme de chacun.<\/p>\n\n\n\n<p><strong>Cette \u00e9nergie harmonise le corps, l\u2019\u00e2me, et l\u2019esprit, la globalit\u00e9 de l\u2019\u00eatre humain.<\/strong> \u2028<\/p>\n\n\n\n<p>La d\u00e9tente induite peut \u00eatre tr\u00e8s profonde et durable.\u2028<\/p>\n\n\n\n<p>Le Reiki agit sur les blocages \u00e9nerg\u00e9tiques, accro\u00eet la vitalit\u00e9 et permet un processus de transformation de relaxation et de m\u00e9ditation afin d\u2019\u00e9liminer le stress et de parvenir au bien-\u00eatre en favorisant la connexion avec son soi int\u00e9rieur et en proposant un chemin d\u2019\u00e9volution profonde.<\/p>\n\n\n\n<p>Le <strong>Reiki<\/strong> est en nous : Il est l\u2019\u00e9nergie de vie universelle, Il est l\u2019origine et la source auxquelles nous sommes reli\u00e9s, Il est l\u2019expression de l\u2019amour inconditionnel.<\/p>\n\n\n\n<p>Le Reiki ne dispense en aucun cas un diagnostic m\u00e9dical.<\/p>\n\n\n\n<p>Il ne remplace en rien la consultation chez un m\u00e9decin g\u00e9n\u00e9raliste ou m\u00e9decin ayant une sp\u00e9cialit\u00e9, ni les soins traditionnels de la m\u00e9decine conventionnelle, ni les m\u00e9dicaments.<\/p>\n\n\n\n<p><strong>Les id\u00e9aux du Reiki<\/strong><\/p>\n\n\n\n<p>Plus que des r\u00e8gles de vie, les id\u00e9aux du Reiki sont une ligne de conduite, un \u00e9tat de conscience vers lequel tend chaque praticien afin d&#8217;aller vers plus d&#8217;unit\u00e9 dans sa propre vie mais aussi afin de vivre pleinement et plus justement la pratique du Reiki.<\/p>\n\n\n\n\n\n<p><strong>Aujourd&#8217;hui tu ne te mettras pas en col\u00e8re,<\/strong><\/p>\n\n\n\n<p><strong>Aujourd&#8217;hui tu ne t&#8217;inqui\u00e9teras pas,<\/strong><\/p>\n\n\n\n<p><strong>Aujourd&#8217;hui tu seras reconnaissant,<\/strong><\/p>\n\n\n\n<p><strong>Aujourd&#8217;hui tu feras ton travail honn\u00eatement,<\/strong><\/p>\n\n\n\n<p><strong>Aujourd&#8217;hui tu t\u00e9moigneras amour et respect envers tout ce qui vit.<\/strong><\/p>\n\n\n\n<p><\/p>\n\n\n\n<p><\/p>\n\n\n\n<p><strong>Comment se d\u00e9roule une s\u00e9ance de soin Reiki<\/strong><\/p>\n\n\n\n<p>Pendant un soin, la personne &#8211; Elle en ressent les effets b\u00e9n\u00e9fiques d\u00e8s la premi\u00e8re s\u00e9ance.<\/p>\n\n\n\n<p>Un soin Reiki peut \u00eatre sollicit\u00e9 pour diff\u00e9rentes raisons. C&#8217;est pourquoi un espace d&#8217;\u00e9coute en d\u00e9but de s\u00e9ance permet de les cerner ensemble.<\/p>\n\n\n\n<p>Ensuite, la personne- enfant ou adulte &#8211; est allong\u00e9e ou assise, et b\u00e9n\u00e9ficie de l&#8217;effet agr\u00e9able et tr\u00e8s relaxant de l\u2019\u00c9nergie canalis\u00e9e par les mains du praticien Reiki..<\/p>\n\n\n\n<p>Pendant le soin, le praticien pose ses mains sur certaines positions du corps du receveur pour permettre au Reiki d&#8217;\u00eatre transmis.<\/p>\n\n\n\n<p>Parfois, la d\u00e9tente qui s&#8217;installe est tellement profonde que la personne s&#8217;endort au bout de quelques minutes.<\/p>\n\n\n\n<p>Une musique douce peut accompagner ce moment de bien-\u00eatre.<\/p>\n\n\n\n<p>Un espace de partage existe apr\u00e8s la s\u00e9ance. <\/p>\n\n\n\n<p>Le Reiki est \u00e9galement utilis\u00e9 en compl\u00e9ment de tout traitement m\u00e9dical dont il augmente l\u2019efficacit\u00e9.<\/p>\n","protected":false},"excerpt":{"rendered":"<p>Le mot REI-KI est un nom japonais qui signifie \u00ab \u00c9nergie Universelle de Vie \u00bb. Le Rei-Ki est donc le principe qui permet de relier notre propre \u00e9nergie \u00e0 l\u2019abondance de l\u2019\u00c9nergie Universelle. Le Reiki, d\u00e9couvert au d\u00e9but du 20e si\u00e8cle par Mikao Usui a \u00e9t\u00e9 largement influenc\u00e9 par la philosophie et les connaissances bouddhistes. &hellip; <\/p>\n<p class=\"link-more\"><a href=\"https:\/\/omkoro.com\/index.php\/le-reiki\/\" class=\"more-link\">Continue reading<span class=\"screen-reader-text\"> &#8220;LE REIKI&#8221;<\/span><\/a><\/p>\n","protected":false},"author":1,"featured_media":0,"parent":0,"menu_order":0,"comment_status":"closed","ping_status":"closed","template":"","meta":{"footnotes":""},"class_list":["post-8","page","type-page","status-publish","hentry"],"_links":{"self":[{"href":"https:\/\/omkoro.com\/index.php\/wp-json\/wp\/v2\/pages\/8","targetHints":{"allow":["GET"]}}],"collection":[{"href":"https:\/\/omkoro.com\/index.php\/wp-json\/wp\/v2\/pages"}],"about":[{"href":"https:\/\/omkoro.com\/index.php\/wp-json\/wp\/v2\/types\/page"}],"author":[{"embeddable":true,"href":"https:\/\/omkoro.com\/index.php\/wp-json\/wp\/v2\/users\/1"}],"replies":[{"embeddable":true,"href":"https:\/\/omkoro.com\/index.php\/wp-json\/wp\/v2\/comments?post=8"}],"version-history":[{"count":3,"href":"https:\/\/omkoro.com\/index.php\/wp-json\/wp\/v2\/pages\/8\/revisions"}],"predecessor-version":[{"id":73,"href":"https:\/\/omkoro.com\/index.php\/wp-json\/wp\/v2\/pages\/8\/revisions\/73"}],"wp:attachment":[{"href":"https:\/\/omkoro.com\/index.php\/wp-json\/wp\/v2\/media?parent=8"}],"curies":[{"name":"wp","href":"https:\/\/api.w.org\/{rel}","templated":true}]}}